{"id":938,"date":"2014-08-10T07:57:12","date_gmt":"2014-08-10T10:57:12","guid":{"rendered":"http:\/\/mcelectronics.com.ar\/site\/producto\/mce-smart-stick-3g\/"},"modified":"2016-06-06T14:28:35","modified_gmt":"2016-06-06T17:28:35","slug":"mce-smart-stick-3g","status":"publish","type":"product","link":"http:\/\/mcelectronics.com.ar\/site\/producto\/mce-smart-stick-3g\/","title":{"rendered":"MCE Smart Stick 3G"},"content":{"rendered":"<h1>Comunicaciones 3G en la palma de su mano.<\/h1>\n<p><strong>Telemetr\u00eda y control remoto a trav\u00e9s de 3G.<br \/>\n<\/strong><\/p>\n<p>Incluye el m\u00f3dulo SIM5320A que permite activar funciones a trav\u00e9s de mensajes de texto o llamadas telef\u00f3nicas. Tambi\u00e9n es posible enviar datos por 3G. Incluye bateria, antena y PIC18F26J50. Sistema listo para funcionar. La bateria se puede cargar por USB.<br \/>\nEl m\u00f3dulo GSM SIM5320 se maneja por comandos AT.\u00a0 A trav\u00e9s de la USART del PIC\u00ae es posible realizar llamadas, enviar y recibir SMS y realizar comunicaciones de datos 3G.<\/p>\n<p>Conexiones:<br \/>\nLa placa tiene disponible los pines TX y RX del m\u00f3dulo GSM, l\u00edneas para micr\u00f3fono y speaker y funciones especiales.<\/p>\n<p>Comunicaciones:<br \/>\nEs posible configurar el m\u00f3dulo para que reenv\u00ede los datos que recibe por la USART a un socket TCP o UDP remoto. Transmisi\u00f3n de im\u00e1genes y video.<\/p>\n","protected":false},"excerpt":{"rendered":"<p>Comunicaciones 3G en la palma de su mano.<\/p>\n","protected":false},"featured_media":3392,"comment_status":"open","ping_status":"closed","template":"","meta":[],"product_brand":[],"product_cat":[14],"product_tag":[],"class_list":{"0":"post-938","1":"product","2":"type-product","3":"status-publish","4":"has-post-thumbnail","6":"product_cat-herramientas-de-desarrollo","8":"first","9":"outofstock","10":"taxable","11":"shipping-taxable","12":"purchasable","13":"product-type-simple"},"_links":{"self":[{"href":"http:\/\/mcelectronics.com.ar\/site\/wp-json\/wp\/v2\/product\/938","targetHints":{"allow":["GET"]}}],"collection":[{"href":"http:\/\/mcelectronics.com.ar\/site\/wp-json\/wp\/v2\/product"}],"about":[{"href":"http:\/\/mcelectronics.com.ar\/site\/wp-json\/wp\/v2\/types\/product"}],"replies":[{"embeddable":true,"href":"http:\/\/mcelectronics.com.ar\/site\/wp-json\/wp\/v2\/comments?post=938"}],"wp:featuredmedia":[{"embeddable":true,"href":"http:\/\/mcelectronics.com.ar\/site\/wp-json\/wp\/v2\/media\/3392"}],"wp:attachment":[{"href":"http:\/\/mcelectronics.com.ar\/site\/wp-json\/wp\/v2\/media?parent=938"}],"wp:term":[{"taxonomy":"product_brand","embeddable":true,"href":"http:\/\/mcelectronics.com.ar\/site\/wp-json\/wp\/v2\/product_brand?post=938"},{"taxonomy":"product_cat","embeddable":true,"href":"http:\/\/mcelectronics.com.ar\/site\/wp-json\/wp\/v2\/product_cat?post=938"},{"taxonomy":"product_tag","embeddable":true,"href":"http:\/\/mcelectronics.com.ar\/site\/wp-json\/wp\/v2\/product_tag?post=938"}],"curies":[{"name":"wp","href":"https:\/\/api.w.org\/{rel}","templated":true}]}}