{"id":3383,"date":"2015-10-29T00:57:49","date_gmt":"2015-10-29T03:57:49","guid":{"rendered":"http:\/\/mcelectronics.com.ar\/site\/?post_type=product&#038;p=3383"},"modified":"2016-01-27T12:26:44","modified_gmt":"2016-01-27T15:26:44","slug":"mce-smart-lora","status":"publish","type":"product","link":"http:\/\/mcelectronics.com.ar\/site\/producto\/mce-smart-lora\/","title":{"rendered":"MCE Smart LoRa"},"content":{"rendered":"<div class=\"et_pb_text et_pb_bg_layout_light et_pb_text_align_left\">\n<h1>Smart LoRa<\/h1>\n<\/div>\n<div class=\"et_pb_text et_pb_bg_layout_light et_pb_text_align_left\">\n<h1>Comunicaciones RF de largo alcance.<\/h1>\n<p>Incluye el nuevo m\u00f3dulo RN2483 de Microchip con antenas externas de largo alcance. Sensor de temperatura, bater\u00eda y PIC18F26J50 de 8 bits. Puerto USB para enviar comandos AT, cargar la bater\u00eda y realizar debugger. Precio por el par. <a href=\"http:\/\/www.microchip.com.ar\/wcc\/placas_wcc_2015.pdf#page=4\">+info<\/a><\/p>\n<p>&nbsp;<\/p>\n<div class='et_post_video'><iframe loading=\"lazy\" src=\"https:\/\/player.vimeo.com\/video\/142926472\" width=\"1080\" height=\"608\" frameborder=\"0\" title=\"Microchip WCC2015 - Smart LoRa\" webkitallowfullscreen mozallowfullscreen allowfullscreen><\/iframe><\/div>\n<\/div>\n","protected":false},"excerpt":{"rendered":"<p>Smart LoRa Comunicaciones RF de largo alcance. Incluye el nuevo m\u00f3dulo RN2483 de Microchip con antenas externas de largo alcance. Sensor de temperatura, bater\u00eda y PIC18F26J50 de 8 bits. Puerto USB para enviar comandos AT, cargar la bater\u00eda y realizar debugger. Precio por el par. +info &nbsp;<\/p>\n","protected":false},"featured_media":3384,"comment_status":"open","ping_status":"closed","template":"","meta":[],"product_brand":[],"product_cat":[14],"product_tag":[],"class_list":{"0":"post-3383","1":"product","2":"type-product","3":"status-publish","4":"has-post-thumbnail","6":"product_cat-herramientas-de-desarrollo","8":"first","9":"outofstock","10":"taxable","11":"shipping-taxable","12":"purchasable","13":"product-type-simple"},"_links":{"self":[{"href":"http:\/\/mcelectronics.com.ar\/site\/wp-json\/wp\/v2\/product\/3383","targetHints":{"allow":["GET"]}}],"collection":[{"href":"http:\/\/mcelectronics.com.ar\/site\/wp-json\/wp\/v2\/product"}],"about":[{"href":"http:\/\/mcelectronics.com.ar\/site\/wp-json\/wp\/v2\/types\/product"}],"replies":[{"embeddable":true,"href":"http:\/\/mcelectronics.com.ar\/site\/wp-json\/wp\/v2\/comments?post=3383"}],"wp:featuredmedia":[{"embeddable":true,"href":"http:\/\/mcelectronics.com.ar\/site\/wp-json\/wp\/v2\/media\/3384"}],"wp:attachment":[{"href":"http:\/\/mcelectronics.com.ar\/site\/wp-json\/wp\/v2\/media?parent=3383"}],"wp:term":[{"taxonomy":"product_brand","embeddable":true,"href":"http:\/\/mcelectronics.com.ar\/site\/wp-json\/wp\/v2\/product_brand?post=3383"},{"taxonomy":"product_cat","embeddable":true,"href":"http:\/\/mcelectronics.com.ar\/site\/wp-json\/wp\/v2\/product_cat?post=3383"},{"taxonomy":"product_tag","embeddable":true,"href":"http:\/\/mcelectronics.com.ar\/site\/wp-json\/wp\/v2\/product_tag?post=3383"}],"curies":[{"name":"wp","href":"https:\/\/api.w.org\/{rel}","templated":true}]}}