{"id":241,"date":"2014-04-19T15:03:48","date_gmt":"2014-04-19T18:03:48","guid":{"rendered":"http:\/\/mcelectronics.com.ar\/site\/?post_type=product&#038;p=241"},"modified":"2014-11-28T02:47:14","modified_gmt":"2014-11-28T05:47:14","slug":"mce-webserver-plus-wi-fi","status":"publish","type":"product","link":"http:\/\/mcelectronics.com.ar\/site\/producto\/mce-webserver-plus-wi-fi\/","title":{"rendered":"MCE WebServer Plus WI-FI"},"content":{"rendered":"<h1>Ethernet y WI-FI embebido con PIC32<\/h1>\n<p>NUEVO SISTEMA DE TELEMETR\u00cdA Y CONTROL REMOTO A TRAV\u00c9S DE ETHERNET.<\/p>\n<p>Presentamos el nuevo MCE WebServer Plus con soporte para IP V6, conexiones encriptadas por hardware, WI-FI G, USB 2.0 y la ultima versi\u00f3n del Microchip TCP\/IP Stack. Esta nueva versi\u00f3n del WebServer incluye un MAC address chip con una direcci\u00f3n \u00fanica\u00a0 preprogramada. La conexi\u00f3n por cable soporta tasas de transferencia de hasta 100 Mb\/s. Adem\u00e1s incluye el nuevo transeiver ENC624J600, conexi\u00f3n USB 2.0, multiples I\/O y conector para programaci\u00f3n in-circuit. Es compatible con pickit2, pickit3 y ICD3.<\/p>\n<p>El m\u00f3dulo MRF24WB0MA de Microchip soporta\u00a0 encriptaci\u00f3n por hardware y seguridad WEP, WPA-PSK y WPA2-PSK. Certificado por la FCC.<\/p>\n","protected":false},"excerpt":{"rendered":"<p>Ethernet y WI-FI embebido con PIC32<\/p>\n","protected":false},"featured_media":236,"comment_status":"open","ping_status":"closed","template":"","meta":[],"product_brand":[],"product_cat":[14],"product_tag":[],"class_list":{"0":"post-241","1":"product","2":"type-product","3":"status-publish","4":"has-post-thumbnail","6":"product_cat-herramientas-de-desarrollo","8":"first","9":"outofstock","10":"taxable","11":"shipping-taxable","12":"purchasable","13":"product-type-simple"},"_links":{"self":[{"href":"http:\/\/mcelectronics.com.ar\/site\/wp-json\/wp\/v2\/product\/241","targetHints":{"allow":["GET"]}}],"collection":[{"href":"http:\/\/mcelectronics.com.ar\/site\/wp-json\/wp\/v2\/product"}],"about":[{"href":"http:\/\/mcelectronics.com.ar\/site\/wp-json\/wp\/v2\/types\/product"}],"replies":[{"embeddable":true,"href":"http:\/\/mcelectronics.com.ar\/site\/wp-json\/wp\/v2\/comments?post=241"}],"wp:featuredmedia":[{"embeddable":true,"href":"http:\/\/mcelectronics.com.ar\/site\/wp-json\/wp\/v2\/media\/236"}],"wp:attachment":[{"href":"http:\/\/mcelectronics.com.ar\/site\/wp-json\/wp\/v2\/media?parent=241"}],"wp:term":[{"taxonomy":"product_brand","embeddable":true,"href":"http:\/\/mcelectronics.com.ar\/site\/wp-json\/wp\/v2\/product_brand?post=241"},{"taxonomy":"product_cat","embeddable":true,"href":"http:\/\/mcelectronics.com.ar\/site\/wp-json\/wp\/v2\/product_cat?post=241"},{"taxonomy":"product_tag","embeddable":true,"href":"http:\/\/mcelectronics.com.ar\/site\/wp-json\/wp\/v2\/product_tag?post=241"}],"curies":[{"name":"wp","href":"https:\/\/api.w.org\/{rel}","templated":true}]}}