{"id":1760,"date":"2015-01-18T11:06:00","date_gmt":"2015-01-18T14:06:00","guid":{"rendered":"http:\/\/mcelectronics.com.ar\/site\/?page_id=1760"},"modified":"2017-07-02T19:25:28","modified_gmt":"2017-07-02T22:25:28","slug":"comunicaciones-wireless-con-pic","status":"publish","type":"page","link":"http:\/\/mcelectronics.com.ar\/site\/comunicaciones-wireless-con-pic\/","title":{"rendered":"Comunicaciones Wireless con PIC\u00ae"},"content":{"rendered":"<p><div class=\"et_pb_section et_pb_fullwidth_section et_section_regular\">\r\n\t\t\t\r\n\t\t\t\r\n\t\t\t\t\r\n\t\t\t\t<div class=\"et_pb_slider\">\r\n\t\t\t<div class=\"et_pb_slides\">\r\n\t\t\t\t<div class=\"et_pb_slide et_pb_bg_layout_dark et_pb_media_alignment_center\" style='background-color:#ffffff;background-image:url(http:\/\/mcelectronics.com.ar\/site\/wp-content\/uploads\/2014\/12\/01.jpg);'>\r\n\t\t\t\r\n\t\t\t<div class=\"et_pb_container clearfix\">\r\n\t\t\t\t\r\n\t\t\t\t<div class=\"et_pb_slide_description\">\r\n\t\t\t\t\t<h2>Comunicaciones Wireless con PIC\u00ae<\/h2>\r\n\t\t\t\t\t<div class=\"et_pb_slide_content\">\n<p>Aprenda a utilizar las herramientas de Microchip para dise\u00f1ar e implementar un sistema de comunicaciones inal\u00e1mbrico.<\/p>\n<\/div>\r\n\t\t\t\t\t\r\n\t\t\t\t<\/div> <!-- .et_pb_slide_description -->\r\n\t\t\t<\/div> <!-- .et_pb_container -->\r\n\t\t\t\r\n\t\t<\/div> <!-- .et_pb_slide -->\r\n\t\t\r\n\t\t\t<\/div> <!-- .et_pb_slides -->\r\n\t\t<\/div> <!-- .et_pb_slider -->\r\n\t\t\r\n\t\t\t\r\n\t\t<\/div> <!-- .et_pb_section --><div class=\"et_pb_section et_section_regular\">\r\n\t\t\t\r\n\t\t\t\r\n\t\t\t\t\r\n\t\t\t\t<div class=\"et_pb_row\">\r\n\t\t\t<div class=\"et_pb_column et_pb_column_1_3\">\r\n\t\t\t<img decoding=\"async\" src=\"http:\/\/mcelectronics.com.ar\/site\/wp-content\/uploads\/2015\/01\/Untitled-3.jpg\" alt=\"\" class=\"et-waypoint et_pb_image et_pb_animation_off et_pb_image_sticky\" \/>\r\n\t\t<\/div> <!-- .et_pb_column --><div class=\"et_pb_column et_pb_column_1_3\">\r\n\t\t\t<div class=\"et_pb_text et_pb_bg_layout_light et_pb_text_align_left\">\r\n\t\t\t\n<h2>Comunicaciones Wireless con PIC\u00ae<strong><br \/>\n<\/strong><\/h2>\n<p>Aprenda a utilizar las herramientas de Microchip para dise\u00f1ar e implementar un sistema de comunicaciones inal\u00e1mbrico. Incluye contenido adicional para descargar.\u00a0<span style=\"color: #0099ff;\">Libro impreso de 460 paginas totalmente en espa\u00f1ol.<\/span><\/p>\n\r\n\t\t<\/div> <!-- .et_pb_text -->\r\n\t\t<\/div> <!-- .et_pb_column --><div class=\"et_pb_column et_pb_column_1_3\">\r\n\t\t\t<div class=\"et_pb_text et_pb_bg_layout_light et_pb_text_align_left\">\r\n\t\t\t<p class=\"product woocommerce add_to_cart_inline \" style=\"border:4px solid #ccc; padding: 12px;\"><span class=\"woocommerce-Price-amount amount\"><span class=\"woocommerce-Price-currencySymbol\">USD<\/span>&nbsp;15,00<\/span><a href=\"\/site\/wp-json\/wp\/v2\/pages\/1760?add-to-cart=1287\" aria-describedby=\"woocommerce_loop_add_to_cart_link_describedby_1287\" data-quantity=\"1\" class=\"button product_type_simple add_to_cart_button ajax_add_to_cart\" data-product_id=\"1287\" data-product_sku=\"\" aria-label=\"A\u00f1adir al carrito: &ldquo;E-book Comunicaciones Wireless con PIC. 460 pag.&rdquo;\" rel=\"nofollow\" data-success_message=\"\u00abE-book Comunicaciones Wireless con PIC. 460 pag.\u00bb se ha a\u00f1adido a tu carrito\" role=\"button\">A\u00f1adir al carrito<\/a>\t<span id=\"woocommerce_loop_add_to_cart_link_describedby_1287\" class=\"screen-reader-text\">\n\t\t\t<\/span>\n<\/p>\r\n\t\t<\/div> <!-- .et_pb_text --><div class=\"et_pb_text et_pb_bg_layout_light et_pb_text_align_left\">\r\n\t\t\t\n<h4>Solo e-book en PDF<\/h4>\n\r\n\t\t<\/div> <!-- .et_pb_text -->\r\n\t\t<\/div> <!-- .et_pb_column -->\r\n\t\t<\/div> <!-- .et_pb_row --><div class=\"et_pb_row\">\r\n\t\t\t<div class=\"et_pb_column et_pb_column_4_4\">\r\n\t\t\t<hr class=\"et_pb_space et_pb_divider\" style='border-color: #e8e8e8;height:20px;' \/>\r\n\t\t<\/div> <!-- .et_pb_column -->\r\n\t\t<\/div> <!-- .et_pb_row --><div class=\"et_pb_row\">\r\n\t\t\t<div class=\"et_pb_column et_pb_column_2_3\">\r\n\t\t\t<div class=\"et_pb_text et_pb_bg_layout_light et_pb_text_align_left\">\r\n\t\t\t\n<div class=\"issuuembed\" style=\"width: 650px; height: 427px;\" data-configid=\"1168158\/11002088\"><\/div>\n<p><script src=\"\/\/e.issuu.com\/embed.js\" async=\"true\" type=\"text\/javascript\"><\/script>\r\n\t\t<\/div> <!-- .et_pb_text -->\r\n\t\t<\/div> <!-- .et_pb_column --><div class=\"et_pb_column et_pb_column_1_3\">\r\n\t\t\t<div class=\"et_pb_text et_pb_bg_layout_light et_pb_text_align_left\">\r\n\t\t\t\n<h2><span style=\"color: #808080;\"><span style=\"color: #333333;\">SOMOS FAN\u00c1TICOS DEL DISE\u00d1O. INCLUIMOS DETALLES COMO TEXTURAS Y LACAS PARA QUE EL LIBRO SEA MAS AGRADABLE Y <span style=\"color: #0099ff;\">TE DEN GANAS DE LEERLO !<\/span><\/span><\/span><\/h2>\n<p>&nbsp;<\/p>\n<p>&nbsp;<\/p>\n<h2><span style=\"color: #808080;\"><span style=\"color: #333333;\"><span style=\"color: #808080;\">VEA DESDE AQUI EL INDICE Y UN CAP\u00cdTULO GRATIS !<\/span><\/span><b><br \/>\n<\/b><\/span><\/h2>\n\r\n\t\t<\/div> <!-- .et_pb_text -->\r\n\t\t<\/div> <!-- .et_pb_column -->\r\n\t\t<\/div> <!-- .et_pb_row --><div class=\"et_pb_row\">\r\n\t\t\t<div class=\"et_pb_column et_pb_column_4_4\">\r\n\t\t\t<hr class=\"et_pb_space et_pb_divider\" style='border-color: #e8e8e8;height:20px;' \/>\r\n\t\t<\/div> <!-- .et_pb_column -->\r\n\t\t<\/div> <!-- .et_pb_row --><div class=\"et_pb_row\">\r\n\t\t\t<div class=\"et_pb_column et_pb_column_1_2\">\r\n\t\t\t<div class=\"et_pb_text et_pb_bg_layout_light et_pb_text_align_left\">\r\n\t\t\t\n<h2>INTRO<\/h2>\n<h3><span style=\"color: #0099ff;\"><strong>MPLAB\u00ae X Y CODE CONFIGURATOR<\/strong><\/span><\/h3>\n<p>Descubra las caracter\u00edsticas m\u00e1s importantes del nuevo IDE de Microchip, el MPLAB X. Aprenda a utilizar el MPLAB Code Configurator, para generar el c\u00f3digo de configuraci\u00f3n de una forma gr\u00e1fica e intuitiva.<\/p>\n\r\n\t\t<\/div> <!-- .et_pb_text --><div class=\"et_pb_text et_pb_bg_layout_light et_pb_text_align_left\">\r\n\t\t\t\n<h2>WIRELESS<\/h2>\n<h3><span style=\"color: #0099ff;\"><strong>BLUETOOTH CON PIC\u00ae<\/strong><br \/>\n<\/span><\/h3>\n<p>Aprenda a dise\u00f1ar un sistema de comunicaciones Wireless Bluetooth utilizando las\u00a0 herramientas de Microchip. Para esto se va estudiar el funcionamiento del m\u00f3dulo RN42 en conjunto con un PIC de 8 bits.<\/p>\n\r\n\t\t<\/div> <!-- .et_pb_text --><div class=\"et_pb_text et_pb_bg_layout_light et_pb_text_align_left\">\r\n\t\t\t\n<h2>RED CELULAR<\/h2>\n<h3><span style=\"color: #0099ff;\"><strong>APLICACIONES DE RASTREO Y TELEMETR\u00cdA 3G<\/strong><br \/>\n<\/span><\/h3>\n<p>Dise\u00f1e un sistema 3G\/GPS utilizando microcontroladores PIC de 8 bits. Ejemplos de comunicaciones por GPRS y 3G para transmitir datos, im\u00e1genes y video.<\/p>\n\r\n\t\t<\/div> <!-- .et_pb_text -->\r\n\t\t<\/div> <!-- .et_pb_column --><div class=\"et_pb_column et_pb_column_1_2\">\r\n\t\t\t<div class=\"et_pb_text et_pb_bg_layout_light et_pb_text_align_left\">\r\n\t\t\t\n<h2>WI-FI<\/h2>\n<h3><span style=\"color: #0099ff;\"><strong>INTERNET OF THINGS <\/strong><br \/>\n<\/span><\/h3>\n<p>Estudiaremos el Stack TCP-IP de Microchip como as\u00ed tambi\u00e9n los principales conceptos y consideraciones necesarios para que nuestros productos y aplicaciones est\u00e9n en la nube.<\/p>\n\r\n\t\t<\/div> <!-- .et_pb_text --><div class=\"et_pb_text et_pb_bg_layout_light et_pb_text_align_left\">\r\n\t\t\t\n<h2>DOM\u00d3TICA<\/h2>\n<h3><span style=\"color: #0099ff;\"><strong>COMUNICACIONES MI-WI<\/strong><br \/>\n<\/span><\/h3>\n<p>Analizaremos la integraci\u00f3n de las tecnolog\u00edas necesarias para desarrollar un sistema que permita monitorear y controlar casas inteligentes. Para ello vamos a estudiar los m\u00f3dulos y el stack MI-WI que ofrece Microchip.<\/p>\n\r\n\t\t<\/div> <!-- .et_pb_text -->\r\n\t\t<\/div> <!-- .et_pb_column -->\r\n\t\t<\/div> <!-- .et_pb_row -->\r\n\t\t\t\r\n\t\t<\/div> <!-- .et_pb_section --><div class=\"et_pb_section et_pb_fullwidth_section et_section_regular\">\r\n\t\t\t\r\n\t\t\t\r\n\t\t\t\t\r\n\t\t\t\t<div class=\"et_pb_fullwidth_portfolio et_pb_fullwidth_portfolio_carousel et_pb_bg_layout_dark\" data-auto-rotate=\"off\" data-auto-rotate-speed=\"7000\">\r\n\t\t\t\r\n\t\t\t<div class=\"et_pb_portfolio_items clearfix\" data-columns=\"\">\r\n\t\t\t\t\t\t\t<div id=\"post-1824\" class=\"et_pb_portfolio_item  post-1824 project type-project status-publish has-post-thumbnail hentry project_category-wcc\">\r\n\t\t\t\t\t\t\t\t<div class=\"et_pb_portfolio_image landscape\">\r\n\t\t\t\t\t\t<a href=\"http:\/\/mcelectronics.com.ar\/site\/project\/breakfast-6\/\">\r\n\t\t\t\t\t\t\t<img decoding=\"async\" src=\"http:\/\/mcelectronics.com.ar\/site\/wp-content\/uploads\/2014\/12\/04.jpg\" alt=\"@breakfast\"\/>\r\n\t\t\t\t\t\t\t<div class=\"meta\">\r\n\t\t\t\t\t\t\t\t<span class=\"et_overlay\"><\/span>\r\n\r\n\t\t\t\t\t\t\t\t\t\t\t\t\t\t\t\t\t<h3>@breakfast<\/h3>\r\n\t\t\t\t\t\t\t\t\r\n\t\t\t\t\t\t\t\t\t\t\t\t\t\t\t<\/div>\r\n\t\t\t\t\t\t<\/a>\r\n\t\t\t\t\t<\/div>\r\n\t\t\t\t\t\t<\/div>\r\n\t\t\t\t\t\t<div id=\"post-1820\" class=\"et_pb_portfolio_item  post-1820 project type-project status-publish has-post-thumbnail hentry project_category-wcc\">\r\n\t\t\t\t\t\t\t\t<div class=\"et_pb_portfolio_image landscape\">\r\n\t\t\t\t\t\t<a href=\"http:\/\/mcelectronics.com.ar\/site\/project\/breakfast-5\/\">\r\n\t\t\t\t\t\t\t<img decoding=\"async\" src=\"http:\/\/mcelectronics.com.ar\/site\/wp-content\/uploads\/2015\/01\/IMG_3498.jpg\" alt=\"@breakfast\"\/>\r\n\t\t\t\t\t\t\t<div class=\"meta\">\r\n\t\t\t\t\t\t\t\t<span class=\"et_overlay\"><\/span>\r\n\r\n\t\t\t\t\t\t\t\t\t\t\t\t\t\t\t\t\t<h3>@breakfast<\/h3>\r\n\t\t\t\t\t\t\t\t\r\n\t\t\t\t\t\t\t\t\t\t\t\t\t\t\t<\/div>\r\n\t\t\t\t\t\t<\/a>\r\n\t\t\t\t\t<\/div>\r\n\t\t\t\t\t\t<\/div>\r\n\t\t\t\t\t\t<div id=\"post-1815\" class=\"et_pb_portfolio_item  post-1815 project type-project status-publish has-post-thumbnail hentry project_category-wcc\">\r\n\t\t\t\t\t\t\t\t<div class=\"et_pb_portfolio_image landscape\">\r\n\t\t\t\t\t\t<a href=\"http:\/\/mcelectronics.com.ar\/site\/project\/breakfast-4\/\">\r\n\t\t\t\t\t\t\t<img decoding=\"async\" src=\"http:\/\/mcelectronics.com.ar\/site\/wp-content\/uploads\/2015\/01\/IMG_3487.jpg\" alt=\"@breakfast\"\/>\r\n\t\t\t\t\t\t\t<div class=\"meta\">\r\n\t\t\t\t\t\t\t\t<span class=\"et_overlay\"><\/span>\r\n\r\n\t\t\t\t\t\t\t\t\t\t\t\t\t\t\t\t\t<h3>@breakfast<\/h3>\r\n\t\t\t\t\t\t\t\t\r\n\t\t\t\t\t\t\t\t\t\t\t\t\t\t\t<\/div>\r\n\t\t\t\t\t\t<\/a>\r\n\t\t\t\t\t<\/div>\r\n\t\t\t\t\t\t<\/div>\r\n\t\t\t\t\t\t<div id=\"post-1812\" class=\"et_pb_portfolio_item  post-1812 project type-project status-publish has-post-thumbnail hentry project_category-wcc\">\r\n\t\t\t\t\t\t\t\t<div class=\"et_pb_portfolio_image landscape\">\r\n\t\t\t\t\t\t<a href=\"http:\/\/mcelectronics.com.ar\/site\/project\/breakfast-3\/\">\r\n\t\t\t\t\t\t\t<img decoding=\"async\" src=\"http:\/\/mcelectronics.com.ar\/site\/wp-content\/uploads\/2015\/01\/IMG_3453.jpg\" alt=\"@breakfast\"\/>\r\n\t\t\t\t\t\t\t<div class=\"meta\">\r\n\t\t\t\t\t\t\t\t<span class=\"et_overlay\"><\/span>\r\n\r\n\t\t\t\t\t\t\t\t\t\t\t\t\t\t\t\t\t<h3>@breakfast<\/h3>\r\n\t\t\t\t\t\t\t\t\r\n\t\t\t\t\t\t\t\t\t\t\t\t\t\t\t<\/div>\r\n\t\t\t\t\t\t<\/a>\r\n\t\t\t\t\t<\/div>\r\n\t\t\t\t\t\t<\/div>\r\n\t\t\t\t\t\t<div id=\"post-1807\" class=\"et_pb_portfolio_item  post-1807 project type-project status-publish has-post-thumbnail hentry project_category-wcc\">\r\n\t\t\t\t\t\t\t\t<div class=\"et_pb_portfolio_image landscape\">\r\n\t\t\t\t\t\t<a href=\"http:\/\/mcelectronics.com.ar\/site\/project\/breakfast-2\/\">\r\n\t\t\t\t\t\t\t<img decoding=\"async\" src=\"http:\/\/mcelectronics.com.ar\/site\/wp-content\/uploads\/2015\/01\/IMG_3470.jpg\" alt=\"@breakfast\"\/>\r\n\t\t\t\t\t\t\t<div class=\"meta\">\r\n\t\t\t\t\t\t\t\t<span class=\"et_overlay\"><\/span>\r\n\r\n\t\t\t\t\t\t\t\t\t\t\t\t\t\t\t\t\t<h3>@breakfast<\/h3>\r\n\t\t\t\t\t\t\t\t\r\n\t\t\t\t\t\t\t\t\t\t\t\t\t\t\t<\/div>\r\n\t\t\t\t\t\t<\/a>\r\n\t\t\t\t\t<\/div>\r\n\t\t\t\t\t\t<\/div>\r\n\t\t\t\t\t\t<div id=\"post-1802\" class=\"et_pb_portfolio_item  post-1802 project type-project status-publish has-post-thumbnail hentry project_category-wcc\">\r\n\t\t\t\t\t\t\t\t<div class=\"et_pb_portfolio_image landscape\">\r\n\t\t\t\t\t\t<a href=\"http:\/\/mcelectronics.com.ar\/site\/project\/breakfast\/\">\r\n\t\t\t\t\t\t\t<img decoding=\"async\" src=\"http:\/\/mcelectronics.com.ar\/site\/wp-content\/uploads\/2014\/06\/IMG_3490.jpg\" alt=\"@breakfast\"\/>\r\n\t\t\t\t\t\t\t<div class=\"meta\">\r\n\t\t\t\t\t\t\t\t<span class=\"et_overlay\"><\/span>\r\n\r\n\t\t\t\t\t\t\t\t\t\t\t\t\t\t\t\t\t<h3>@breakfast<\/h3>\r\n\t\t\t\t\t\t\t\t\r\n\t\t\t\t\t\t\t\t\t\t\t\t\t\t\t<\/div>\r\n\t\t\t\t\t\t<\/a>\r\n\t\t\t\t\t<\/div>\r\n\t\t\t\t\t\t<\/div>\r\n\t\t\t\r\n\t\t\t<\/div><!-- .et_pb_portfolio_items -->\r\n\t\t<\/div> <!-- .et_pb_fullwidth_portfolio -->\r\n\t\t\t\r\n\t\t<\/div> <!-- .et_pb_section --><\/p>\n","protected":false},"excerpt":{"rendered":"","protected":false},"author":2,"featured_media":0,"parent":0,"menu_order":0,"comment_status":"open","ping_status":"open","template":"","meta":{"footnotes":""},"class_list":["post-1760","page","type-page","status-publish","hentry"],"_links":{"self":[{"href":"http:\/\/mcelectronics.com.ar\/site\/wp-json\/wp\/v2\/pages\/1760","targetHints":{"allow":["GET"]}}],"collection":[{"href":"http:\/\/mcelectronics.com.ar\/site\/wp-json\/wp\/v2\/pages"}],"about":[{"href":"http:\/\/mcelectronics.com.ar\/site\/wp-json\/wp\/v2\/types\/page"}],"author":[{"embeddable":true,"href":"http:\/\/mcelectronics.com.ar\/site\/wp-json\/wp\/v2\/users\/2"}],"replies":[{"embeddable":true,"href":"http:\/\/mcelectronics.com.ar\/site\/wp-json\/wp\/v2\/comments?post=1760"}],"version-history":[{"count":42,"href":"http:\/\/mcelectronics.com.ar\/site\/wp-json\/wp\/v2\/pages\/1760\/revisions"}],"predecessor-version":[{"id":5784,"href":"http:\/\/mcelectronics.com.ar\/site\/wp-json\/wp\/v2\/pages\/1760\/revisions\/5784"}],"wp:attachment":[{"href":"http:\/\/mcelectronics.com.ar\/site\/wp-json\/wp\/v2\/media?parent=1760"}],"curies":[{"name":"wp","href":"https:\/\/api.w.org\/{rel}","templated":true}]}}